13891. What is the highest common factor of 17 and j?
17
Let c = -12893 - -13442. Calculate the highest common factor of 1159 and c.
61
Let n be 77/1 - 98/49. Let x = 109 + n. What is the greatest common factor of 8 and x?
8
Let i be (-627)/(-6) + (-39)/104*(-8)/2. Calculate the greatest common factor of 1166 and i.
106
Suppose -56*j - 12267 = -76499. What is the highest common divisor of j and 62?
31
Let f(i) = -i**2 + 7*i + 21. Let w be f(9). Let b(y) = 43*y + 27. Let v be b(w). Let j = v + -86. What is the highest common divisor of 42 and j?
14
Let b(j) = -28 + 0 - 19*j - 13. Suppose -10 = -t + 4*o - 35, -14 = 2*t + o. Let r be b(t). What is the greatest common factor of r and 10?
10
Suppose -3*f - g + 1580 + 4195 = 0, 5790 = 3*f - 4*g. Calculate the highest common factor of f and 18.
18
Let x(l) = -24*l**3 - 2*l**2 + 3*l - 2. Let u be x(-3). Let a = u - 599. What is the greatest common factor of 140 and a?
20
Suppose 4*i - 3*t - 402 = 0, 0 = -i - 0*t - 2*t + 95. Suppose -2*u - 27 = -z + 3*u, -u = -2*z + i. Calculate the highest common divisor of 13 and z.
13
Let c = -355 + 635. Let w = 365 - 325. Calculate the greatest common divisor of c and w.
40
Let z(j) = -j**2 + 20*j - 42. Let a = 7 + -5. Let q be (17/a)/(1/2). Let x be z(q). What is the greatest common divisor of 9 and x?
9
Let p(h) = -18*h**2 + h. Let n be p(1). Let c = 143 + n. Let g = 5388 - 5374. What is the greatest common divisor of c and g?
14
Let k(m) = 11*m**2 + 2*m - 9. Let s be k(-4). Suppose -h + s = -2. Let n be 4/(-7) - (-1650)/70. Calculate the greatest common factor of h and n.
23
Suppose 27*f = 557*f - 10600. Suppose -5*r + 4073 = 5*k + 1498, r - 5*k = 545. Calculate the greatest common factor of r and f.
20
Suppose 100*b - 5627 - 12373 = 0. Calculate the highest common factor of 12690 and b.
90
Let v(u) = -u**2 + 12*u - 6. Let t = -145 - -89. Let m = t + 62. Let q be v(m). Calculate the highest common divisor of 10 and q.
10
Let r(m) = m + 86 - 19*m - 23*m - 2*m. Let y be r(-5). Calculate the greatest common divisor of y and 7.
7
Suppose 81 = 5*c - 264. Let q(f) = 59*f - 186. Let h be q(3). Let n be 18/(-27) + (-420)/h. What is the greatest common factor of n and c?
23
Suppose 4*a + 1296 = d + 5942, 2 = d. What is the greatest common divisor of a and 28?
14
Let r(k) = -k + 49. Let t = -173 - -166. Let v be r(t). What is the highest common divisor of 196 and v?
28
Suppose -21*n + 1 = -20*n. Let p(w) = 64*w**2 - 2*w + 1. Let o be p(n). Calculate the greatest common factor of o and 54.
9
Let m(a) = -a**3 - 12*a**2 - 35*a + 10. Let p be m(-6). Suppose 0*g = -4*g, g + 1500 = p*t. What is the highest common factor of t and 15?
15
Let a(o) = o**3 - 128*o**2 - 520*o - 986. Let h be a(132). Let f = 435 + 55. What is the greatest common factor of f and h?
70
Let u(p) = p**3 - 78*p**2 - 246*p + 284. Let o be u(81). What is the highest common divisor of o and 17?
1
Let n = -349 + 160. Let v = 224 + n. What is the highest common factor of 455 and v?
35
Let x(n) = -28*n + 11 - 11*n**2 - 123*n + 13*n - 2 - 8*n**2. Let q be x(-7). What is the highest common divisor of 374 and q?
22
Suppose -15*x = -17*x - 776. Let d = 402 + x. What is the highest common factor of 112 and d?
14
Suppose -4*m + 41 = 3*a - 0*a, 0 = -5*a + 5*m + 10. Suppose -b + 298 = 3*h, -1226 = -4*b - a*h + 12*h. What is the greatest common factor of b and 114?
38
Let q(c) = -20*c + 73. Let z be q(8). Let k = z + 186. What is the greatest common factor of k and 33?
33
Let p(j) = -3*j**2 - 38*j - 47. Let k be p(-7). Calculate the highest common factor of k and 104.
8
Suppose -22 = -4*b - 14. Suppose -2*q - o = -26, 4*o = b*q - 6*q + 52. Let f(d) = d**2 - 23. Let l be f(-7). What is the highest common divisor of q and l?
13
Let f(d) = -d**3 + 12*d**2 + 13*d - 10. Let u be f(12). What is the greatest common factor of u and 146?
146
Let v be (-1 - -3)*(5 + (1 - 2) + 1888). What is the highest common factor of v and 860?
172
Let h be -5*(168/5 - -2). Let n = h - -184. Calculate the highest common divisor of 114 and n.
6
Let q = -4 - -6. Let j be (39/(-65))/((-3)/(-15)) - -7. Suppose 355 = j*t - q*a - a, 5*t - 439 = -a. What is the highest common divisor of 11 and t?
11
Let i(m) = 5*m**2 + 26*m - 32. Let f be i(8). Suppose -118 + f = 21*q. Let k = 315 + -171. What is the highest common divisor of q and k?
18
Let y = -613 - -617. Let u be -2 + (1*-6)/(-1). Suppose 0*j = 4*j + u*h - 100, -2*j + y*h = -44. Calculate the highest common factor of 3 and j.
3
Let z be (528/120)/(-4 + 15366/3840). Calculate the highest common divisor of z and 66.
22
Suppose 0 = -64*v - 11*v + 16968 + 6282. Calculate the greatest common divisor of 4464 and v.
62
Suppose 1 = c - 2. Suppose c*r - 2*r - 16 = 0. Let j be 22/11 + 2 + -8 + 29 + -1. What is the greatest common factor of j and r?
8
Let a = 56 + -53. Suppose a*y + y - 17 = 3*b, 4*y + 4 = -4*b. Suppose k = 5*q - 365, -y*q - 5*k + k + 124 = 0. What is the highest common divisor of q and 8?
8
Suppose 0 = f + 3, -f - 496 = -69*q + 68*q. What is the highest common factor of q and 119?
17
Suppose -3*a + 425 = 4*y - 219, 0 = -2*a + 3*y + 452. Calculate the highest common factor of 20 and a.
20
Let v be (-66)/(-14) + (16/14)/4. Suppose 0 = -v*l + l + 12. Suppose -3*j + 4*p - l*p = -69, -54 = -2*j - 2*p. What is the highest common divisor of 168 and j?
24
Suppose -p + 253 = 81*g - 84*g, -5*g + 1325 = 5*p. What is the greatest common divisor of 6419 and p?
131
Let k = 7269 + -6749. What is the highest common factor of k and 1144?
104
Suppose -388*l - 384*l = -772000. What is the greatest common divisor of l and 490?
10
Suppose 3*y = -4*s + 106, -58 - 46 = -4*y + 4*s. Let l = 1358 - 1288. Calculate the greatest common factor of l and y.
10
Let t(z) = z**2 + 65*z + 780. Let m be t(-12). Calculate the greatest common divisor of m and 30.
6
Let v = -3298 - -4110. Calculate the greatest common divisor of 1160 and v.
116
Let i = 1094 - 981. Suppose 16*l - 12*l + 10 = c, -5*c - l = -i. Let j = 21 - -1. Calculate the highest common factor of c and j.
22
Let t(m) = m + 2. Let v be t(0). Let q(w) = w - 6*w + 3*w + 2*w**2 - 138 + 3*w**3 + 137. Let l be q(v). Calculate the highest common divisor of l and 3.
3
Suppose -3055 = -3241*k + 3194*k. Calculate the greatest common factor of k and 8515.
65
Let r be 342*(-3)/(126/(-14)). What is the highest common divisor of r and 4142?
38
Suppose 148*x + 32003 = 24379 + 121140. Calculate the greatest common factor of 312 and x.
13
Let b(q) = -102*q - 599. Let k be b(-9). What is the greatest common divisor of k and 99?
11
Let z be ((-20)/6)/((-30)/(-27)*(-24)/1880). What is the greatest common divisor of 19035 and z?
235
Let i be (6*(-24)/(-432))/(1/90). Calculate the highest common factor of 570 and i.
30
Suppose -u + 79 = v, 0 = -4*u + 7*u - 4*v - 244. Let m = 84 - 23. Suppose 6*g = -4*k + 3*g + m, 3*k = 4*g + 52. What is the highest common divisor of k and u?
16
Let o = -371 - 247. Let k be ((-6)/4)/(3/o). Let c = k - 157. Calculate the greatest common divisor of 19 and c.
19
Let o be 0/(28/7 + -3). Suppose 5*d + 848 = 9*d. Suppose o = -4*u - j - j + d, -6 = 3*j. Calculate the greatest common divisor of u and 18.
18
Let q = -3455 - -3561. Calculate the greatest common factor of 6360 and q.
106
Let y be -4*363/(-30)*(-7800)/(-240). Calculate the highest common divisor of y and 572.
143
Let b be (-1)/2*(-12 + 36). Let u be (b/18)/(4/(-18)). What is the greatest common divisor of u and 3?
3
Let s be ((-9288)/(-45) - 6)/((-3)/10). Let u = s + 1119. What is the greatest common factor of u and 41?
41
Let q(y) = 7*y - 6. Let x = -22 + 26. Let l be 5/30*15*x. Let a be q(l). What is the greatest common factor of 96 and a?
32
Let p = 136 - 133. Suppose p*u + 133 = x + u, -u + 577 = 4*x. What is the greatest common divisor of 39 and x?
13
Let j be -9 + 221 + (-15)/(-10)*40/15. Let n be 1/4 - 12/(-16). Let s be (0/3 + 24)*n. What is the highest common factor of j and s?
24
Suppose 85 = n - 7*w + 9*w, -4*w - 355 = -5*n. What is the highest common divisor of n and 645?
15
Suppose -3*h + 1238 = 1220, -2*h + 6 = -3*r. Calculate the highest common factor of r and 2746.
2
Let s(l) = l**2 + 11*l + 9. Let x be s(0). Suppose 4*j - 17 = -2*z + 23, -j - 5*z = -19. Let a = 108 - j. Calcu